 = i - k. What is the units digit of l?
5
Let p(n) = 212*n - 173. What is the tens digit of p(5)?
8
Let z be (-4)/(-1) + (-4 - (5 - 2)). What is the tens digit of ((-60)/z)/(-5) - -161?
5
Let d = 303 + 40. What is the tens digit of d?
4
Let p be -2 - 1 - 6/(-2). Let c(l) = -l**2 + l - 1. Let b be c(p). What is the tens digit of b/5 + 1057/35?
3
Suppose 0 = 16*y - 29746 - 22830. What is the units digit of y?
6
Let p(o) be the second derivative of 5*o**3/3 - o**2 - 8*o. What is the units digit of p(7)?
8
Let s(p) be the first derivative of -p**5/60 + p**4/12 + 3*p**3/2 - p**2 + 4. Let x(v) be the second derivative of s(v). What is the units digit of x(4)?
1
Let c = 1709 - 1125. What is the hundreds digit of c?
5
Let z = 2192 + 3676. What is the tens digit of z?
6
Suppose -3*l + 8*b = 3*b - 29, 0 = -5*l - 2*b + 69. Suppose l*m = 9*m. Suppose m = -5*k - 20 + 75. What is the units digit of k?
1
Suppose 30*r = 25*r + 815. Suppose 5*q + r = 188. What is the units digit of q?
5
Suppose 2*p + 4 = 10. Let o(j) = -2 + 1 - j + j**2 + 0 - p. What is the tens digit of o(-5)?
2
Let g = -1462 - -2419. What is the units digit of g?
7
Suppose -5*p = -3*l + 10, 0*l - 4 = -4*l + 2*p. Let w = 42 + l. Suppose 4*f - 5*f = -w. What is the units digit of f?
2
Let p(j) = -j**3 + 7*j**2 - 4*j - 8. Let a be p(6). Suppose 0 = a*l - 8 - 8. What is the tens digit of (l - (4 + -1)) + 13?
1
Let d be (-273)/14*(-10)/3. Let y = d + -51. What is the units digit of y?
4
Suppose -3*q - 232 = q + 4*s, -232 = 4*q - 4*s. Let w = -32 - q. What is the units digit of w?
6
Suppose 4448 = -63*x + 71*x. What is the tens digit of x?
5
Let j(f) = f**3 + 32*f**2 - 70*f - 5. What is the tens digit of j(-31)?
2
Let t be (7/(-5))/((-3)/15). Suppose 8*b = t*b - 5. Let w(d) = d**3 + 6*d**2 - 3*d + 6. What is the units digit of w(b)?
6
Let h(n) = -n. Let v(x) = -x + 1. Let u(q) = 3*h(q) - 2*v(q). Let d be u(-2). Suppose -2*l - g = -116, -3*l + 173 = g - d*g. What is the tens digit of l?
5
Let f = 4515 - 2419. What is the units digit of f?
6
Let s(m) = -156*m - 312. What is the units digit of s(-15)?
8
Let d(c) = -40*c. Let g(j) = -41*j - 1. Let y(f) = -7*d(f) + 6*g(f). What is the tens digit of y(3)?
9
What is the thousands digit of (-1)/(-4) + 9910/8?
1
Let v(b) = -7*b**2 - 25*b + 3. Let u(f) = -3*f**2 - 12*f + 1. Let z(n) = 13*u(n) - 6*v(n). What is the tens digit of z(5)?
4
Suppose -121408 = -37*j + 5*j. What is the thousands digit of j?
3
Let u(m) = 6*m + 4*m + 117 - 9*m. What is the units digit of u(0)?
7
Let o(s) = s**3 + 6*s**2 - 11*s - 8. Let j = -14 - -22. Suppose 0 = n + b + j, 2*b + 0*b = 5*n + 33. What is the tens digit of o(n)?
2
Let g(b) = -b**2 + 6*b - 55. Let q be g(6). Let o = -22 - -102. Let t = o + q. What is the units digit of t?
5
What is the hundreds digit of ((-54)/(-8))/(9/264)?
1
Let k be (-1 + 26/6)/(6/162). Let q = k + -34. What is the tens digit of q?
5
Let w(b) = 8*b + 172. What is the tens digit of w(28)?
9
Let o(r) = -4*r + 1 + 3*r + 3*r - 10. Let v be o(7). Let w = 18 - v. What is the units digit of w?
3
Let t(d) = 4*d**3 - 14*d**2 - 5. What is the tens digit of t(7)?
8
Let g(b) = 15 - b - 13 + 14. Let h be g(7). Suppose 0 = 7*f - h*f + 74. What is the units digit of f?
7
Let q(x) = x + 10. Let h be q(-8). Let l(j) = 0*j + 9*j - 2*j. What is the tens digit of l(h)?
1
Let u(d) = -10*d - 8. Let t = 7 - 11. What is the tens digit of u(t)?
3
Let y(l) = -l + 3. Suppose 0 = 4*o - 6 - 14. Let c be y(o). What is the units digit of (-1)/2 + (-9)/c?
4
Suppose -6*i + 160 = -4*i. Let m = -1 + i. What is the tens digit of m?
7
Suppose 4*t = -4*l - 772, -l - 2*t - 174 - 20 = 0. Let j = -28 - l. What is the units digit of j?
4
Let b = 108 - 3. What is the hundreds digit of b?
1
What is the tens digit of 26710/170 + (-2)/17?
5
Suppose 0 = -9*y - 23*y + 25248. What is the units digit of y?
9
Suppose 3*t - 106 - 56 = 0. Let r = -23 + t. What is the units digit of r?
1
Let v = -122 + 111. Let n(b) = -b**2 - 17*b - 18. What is the tens digit of n(v)?
4
Let f(z) = z**3 + 11*z**2 - 16*z - 17. Let g be f(-12). Let d = g - 37. What is the units digit of 25/9 + d/(-27)?
3
Let x(y) = -y**3 + 10*y**2 + 12*y - 1. Let s be x(11). Suppose 0*u = 2*u - 4*a + 18, 5*u = 3*a - s. What is the tens digit of u + 3 - 6*-6?
4
Suppose -5*w = -5, -4*u - 3*w = -7*u + 120. Suppose 3*q + 3*g - 6 = 0, 4*q - 3 = -5*g + 6. Let z = q + u. What is the units digit of z?
2
Let a = 9116 + -5618. What is the thousands digit of a?
3
Suppose -331 = -b - 2*u, u = -0*b + 3*b - 1000. What is the units digit of b?
3
Let o be 4 + (0 + 3 - 5). Suppose 2*c + 25 = -z + 113, 0 = 3*z - o*c - 248. What is the units digit of z?
4
Let s(m) = -3*m**3 + 3*m**2 + 2. Let t(p) = 7*p**3 - 7*p**2 - 4. Let f(z) = 9*s(z) + 4*t(z). Suppose 2*x = 7*x. What is the units digit of f(x)?
2
Let n be (-65)/(-20) - 1/4. Suppose 5*s - n*s - 44 = 0. Let y = 6 + s. What is the units digit of y?
8
Let i(v) = -28*v - 12. Let q be i(1). Suppose -4*w + 201 = -5*d - 34, 4*d + 175 = 3*w. Let h = w + q. What is the units digit of h?
5
Let u be (-4)/(-10) - 48/(-5). Let b = u - -90. What is the tens digit of b?
0
What is the hundreds digit of 3 + (229/4)/(7/112)?
9
Let t(x) = -x**3 - 28*x**2 + 73*x + 33. What is the tens digit of t(-33)?
6
Suppose 1517 = 4*q - 767. What is the tens digit of q?
7
Let f be (92/(-10))/(42/(-2415)). Suppose 2*i - a = 4*a + f, i - 4*a - 266 = 0. What is the tens digit of i?
6
Let x(l) = 5*l + 5*l**3 + 1 - 2*l**3 - 10*l**2 + 5 - 2*l**3. Let p be x(5). What is the tens digit of p/(-4) - (-2)/4?
2
Let s(h) = -12*h - 59. Let b be s(-19). Suppose -3*i + 17 + b = 0. What is the units digit of i?
2
Let q = 22 + -20. Suppose 3*z + q*n + 581 = 8*z, 0 = z + n - 119. What is the hundreds digit of z?
1
Suppose -4 = 2*p, 115 = k - 2*p - 35. What is the hundreds digit of k?
1
Let q(i) = 12*i**3 - 8*i**2 + 5*i - 5. What is the hundreds digit of q(3)?
2
Let p be 12/2 - 3 - (-3 - -4). Suppose -p*z = 0, 3*o - 20 - 190 = -2*z. What is the tens digit of o?
7
Let p be (-2)/(-3) - (-8)/(-12). Suppose 4*z - 38 = -n, -z + 4*n - 5*n + 8 = p. What is the units digit of z?
0
Suppose -111 = -7*a + 106. Suppose 0 = 3*g - 6*g - 3. What is the units digit of -2 + g + a*1?
8
Suppose 206658 = 142*v - 88*v. What is the units digit of v?
7
Let x be 1 - 1 - (5 + 0/2). What is the tens digit of 183*x*8/(-60)?
2
Suppose -7*o - 10*n + 35728 = -6*n, -5*o + 25520 = -3*n. What is the thousands digit of o?
5
Let v = 24 - 10. Let z = 18 - v. Suppose 5*a - 5*d = -35 + 195, -z*d = a - 47. What is the tens digit of a?
3
Let a be 15/6 + 3 + 4/(-8). Suppose 4*l = -a*l + 2421. What is the units digit of l?
9
Let m(q) be the third derivative of q**5/30 + q**4/12 - 4*q**3/3 - 16*q**2. What is the units digit of m(4)?
2
Let n be 7 - (2 + 0/3). Suppose 174 = 7*k - n*k. What is the tens digit of k?
8
Suppose 5*p = 5*s, 4*p - 8 = 2*s - 2. Suppose 0 = 2*g + s*g - 815. What is the hundreds digit of g?
1
Let c = 28 + -28. Suppose c = -2*b - b + 549. What is the tens digit of b?
8
Let x(i) = 6*i - 3. Let l be (2 - 5) + 1*10. Suppose 5 = 3*z - l. What is the units digit of x(z)?
1
Suppose 0 = -5*h - 2*l + 377 + 781, 1 = -l. What is the units digit of h?
2
Suppose 3*r - 1918 = -2*n, -3*r + 2131 = -4*n + 189. What is the hundreds digit of r?
6
Let m(o) = o**3 - 40*o**2 + 66*o - 11. What is the units digit of m(41)?
6
Let y(x) = -62*x**3 - 4*x**2 + 4*x + 7. What is the hundreds digit of y(-2)?
4
Let x(v) = v**3 + 14*v**2 + 9*v - 1. Let z be x(-9). Let u = -176 + z. What is the hundreds digit of u?
1
Let u be (5/4)/(4/(-16)). Let s(q) be the first derivative of -q**4/4 - 2*q**3 - 4*q**2 - 5*q - 2. What is the units digit of s(u)?
0
Let t(d) = -d**3 - 29*d**2 - 22*d + 24. What is the hundreds digit of t(-29)?
6
Suppose -7*a - 2*a = -1296. Suppose 5*b + 3*t = a, 1 = -3*b - 4*t + 94. What is the units digit of b?
7
What is the hundreds digit of 1176/(90/75*10/8)?
7
Suppose 5*r - 244 + 4 = 0. Let q = 37 + r. What is the units digit of q?
5
Let p(z) = 4*z**3 + 5*z**2 - 22*z. Let g(u) = u**3 - u - 1. Let k(t) = 3*g(t) - p(t). What is the units digit of k(-9)?
0
Let p be (16/(-6))/(48/(-7128)). Suppose -3*d - 3*d = -p. What is the units digit of d?
6
Let t(s) = -s**2 + 5*s - 4. Let d be t(4). Let i(n